91779 composite?
False
Is 15767791 composite?
True
Is 5376353 composite?
False
Is 1152913 prime?
True
Is 120973639 a composite number?
False
Is 959995 a prime number?
False
Is 3070499 a prime number?
True
Is 24607303 a prime number?
False
Is 27121 a composite number?
True
Is 472698857 a composite number?
True
Is 496127 composite?
False
Is 964009 composite?
False
Is 1244203 prime?
True
Is 20136593 a prime number?
True
Is 80599 composite?
False
Is 74778653 composite?
False
Is 17805497 a composite number?
False
Is 15429361 a prime number?
False
Is 1190613293 a prime number?
True
Is 45305111 a prime number?
False
Is 76606265 a prime number?
False
Is 16997563 a composite number?
True
Is 1366627 a composite number?
False
Is 1549439 composite?
False
Is 103766503 a prime number?
False
Is 4905961 composite?
True
Is 17863613 a prime number?
False
Is 1828923 a composite number?
True
Is 14184245 composite?
True
Is 9541223 a composite number?
False
Is 3377689 a composite number?
True
Is 923353 composite?
True
Is 411890263 a composite number?
True
Is 37234061 a composite number?
False
Is 40110859 a composite number?
True
Is 183457291 composite?
False
Is 9432391 a prime number?
True
Is 10898093 a prime number?
True
Is 4875427 a prime number?
False
Is 31428521 a prime number?
True
Is 167030861 composite?
False
Is 573623 a prime number?
False
Is 405226183 a prime number?
False
Is 1109138 composite?
True
Is 73509523 a composite number?
False
Is 29632739 prime?
True
Is 82031843 composite?
True
Is 5596223 a prime number?
True
Is 3876161 a composite number?
False
Is 3597439 a prime number?
False
Is 1438111 a prime number?
False
Is 383613091 prime?
True
Is 35755 prime?
False
Is 159229427 prime?
False
Is 42435821 prime?
True
Is 15842111 prime?
True
Is 41267801 prime?
True
Is 275269 a prime number?
True
Is 2566763 composite?
True
Is 10321277 prime?
True
Is 65857621 prime?
True
Is 506963 a prime number?
True
Is 21661481 composite?
True
Is 288907 a prime number?
True
Is 48879133 prime?
True
Is 20243065 a composite number?
True
Is 20462921 prime?
True
Is 26690291 composite?
False
Is 32033341 a composite number?
True
Is 1664543 composite?
False
Is 28646567 prime?
False
Is 24990767 prime?
True
Is 14545442 a composite number?
True
Is 233476421 a composite number?
False
Is 599067517 a composite number?
True
Is 1291067 prime?
False
Is 15689209 composite?
False
Is 88290311 a prime number?
True
Is 3302449 composite?
False
Is 78728911 prime?
False
Is 51179857 composite?
True
Is 15804949 a prime number?
False
Is 29612663 prime?
True
Is 7611661 composite?
False
Is 120224891 composite?
False
Is 58275463 a prime number?
True
Is 6987793 a composite number?
False
Is 4097537 prime?
True
Is 8882047 a composite number?
False
Is 32598613 prime?
False
Is 31828721 prime?
True
Is 3052013 prime?
False
Is 111498203 composite?
False
Is 46471 composite?
False
Is 6955141 a prime number?
False
Is 14262698 prime?
False
Is 536423 composite?
False
Is 424561 prime?
False
Is 5503541 a prime number?
True
Is 38392013 a composite number?
True
Is 1215419 composite?
True
Is 10487201 a composite number?
True
Is 6844895 a prime number?
False
Is 48382837 composite?
False
Is 2294599 a composite number?
True
Is 120038183 prime?
True
Is 6566465 a composite number?
True
Is 2484917 composite?
False
Is 5635127 composite?
False
Is 27147877 a prime number?
False
Is 409400333 prime?
False
Is 3328417 a composite number?
True
Is 77878217 composite?
False
Is 46710977 a prime number?
True
Is 217369805 a prime number?
False
Is 46300487 composite?
True
Is 7395223 a composite number?
True
Is 4474534 a composite number?
True
Is 241639 a composite number?
False
Is 57067403 composite?
False
Is 11974189 composite?
False
Is 40069703 a composite number?
True
Is 3717253 a prime number?
False
Is 49188301 a composite number?
False
Is 5150027 prime?
True
Is 99428699 composite?
True
Is 30939983 prime?
False
Is 46049851 prime?
True
Is 77760091 prime?
False
Is 385347727 prime?
False
Is 745068887 composite?
False
Is 195209017 a prime number?
False
Is 709031 a prime number?
False
Is 328493821 prime?
True
Is 3784699 prime?
False
Is 3534681 prime?
False
Is 99770819 composite?
True
Is 31786789 prime?
True
Is 58036331 prime?
True
Is 79625383 a composite number?
False
Is 52652095 a composite number?
True
Is 851317213 a prime number?
False
Is 705269 a prime number?
True
Is 1096343 a prime number?
False
Is 77177255 prime?
False
Is 2248561091 a composite number?
True
Is 23338331 prime?
False
Is 29209759 a composite number?
False
Is 1988177 a prime number?
True
Is 3766331 composite?
False
Is 8390253 a composite number?
True
Is 398383 prime?
False
Is 202447 composite?
True
Is 41681261 composite?
False
Is 637194859 a composite number?
True
Is 120007607 prime?
False
Is 32669633 a prime number?
False
Is 4092547 composite?
False
Is 62223013 a prime number?
True
Is 42270509 composite?
True
Is 311980351 composite?
True
Is 34589143 composite?
True
Is 203270201 composite?
False
Is 4807367 a prime number?
False
Is 54141727 a composite number?
False
Is 35587333 prime?
True
Is 48169871 prime?
True
Is 462801223 a prime number?
True
Is 125710913 a composite number?
False
Is 3348263 composite?
False
Is 2727421 a composite number?
True
Is 16271 composite?
True
Is 2383613 a prime number?
True
Is 19709383 a composite number?
False
Is 10275302 a prime number?
False
Is 6939437 a prime number?
True
Is 7122659 a prime number?
False
Is 10987615 composite?
True
Is 15324343 prime?
True
Is 10180393 a composite number?
False
Is 202710931 composite?
False
Is 344439967 a prime number?
True
Is 51691157 composite?
True
Is 21271699 a composite number?
False
Is 90049909 a prime number?
False
Is 5893089 composite?
True
Is 18489017 a prime number?
True
Is 8382797 prime?
True
Is 219541177 prime?
False
Is 8563109 composite?
False
Is 2313083 a prime number?
True
Is 93497791 prime?
True
Is 52981069 composite?
False
Is 195581 a composite number?
False
Is 53156551 prime?
False
Is 442508867 a composite number?
False
Is 52499761 a composite number?
False
Is 1860929 composite?
True
Is 6506243 prime?
True
Is 112341967 prime?
False
Is 1209427 prime?
True
Is 1086535 composite?
True
Is 711859 a prime number?
True
Is 728734387 composite?
False
Is 29404601 a composite number?
True
Is 3717409 a prime number?
True
Is 81393943 prime?
False
Is 22155227 composite?
False
Is 14818073 a prime number?
False
Is 923345 composite?
True
Is 3341434 prime?
False
Is 14069927 a prime number?
True
Is 612767 a composite number?
True
Is 25278287 a composite number?
False
Is 7678709 composite?
False
Is 21951613 composite?
False
Is 5455213 prime?
True
Is 13951199 a composite number?
True
Is 273111571 prime?
True
Is 3622679 composite?
False
Is 1118902 prime?
False
Is 253560127 prime?
True
Is 117367153 a prime number?
False
Is 99609899 a composite number?
False
Is 122602433 a prime number?
False
Is 38384573 a prime number?
True
Is 189125581 a prime number?
True
Is 492179 a composite number?
True
Is 21130609 a prime number?
False
Is 47930833 prime?
False
Is 257613269 prime?
False
Is 415619 composite?
True
Is 60110161 a composite number?
False
Is 169672001 prime?
True
Is 51035009 prime?
False
Is 18102779 a composite number?
False
Is 24695555 composite?
True
Is 3495823 prime?
True
Is 5308351 a composite number?
False
Is 823399 a prime number?
True
Is 2150149 a prime number?
True
Is 41273545 a composite number?
True
Is 425891 a prime number?
False
Is 16719821 a composite number?
True
Is 3523763 a prime number?
True
Is 6249497 a prime number?
True
Is 1571287 composite?
False
Is 15174919 composite?
True
Is 12764121 composite?
True
Is 52609439 a prime number?
False
Is 134785097 prime?
False
Is 4151987 prime?
False
Is 60495343 a composite number?
False
Is 1886851 a prime number?
False
Is 4515101 a composite number?
False
Is 729173 prime?
True
Is 17922367 composite?
True
Is 2351029 a prime number?
True
Is 8535767 a prime number?
True
Is 72193423 a composite number?
True
Is 69145091 a prime number?
True
Is 1170007 a composite number?
False
Is 10234167 a prime number?
False
Is 4989077 composite?
True
Is 249580517 a prime number?
True
Is 5524963 composite?
True
Is 5879589 a prime number?
False
Is 29620177 a composite number?
Tr